r when 87 is divided by n?
15
Let i(d) = -d**2 + 18*d - 41. Calculate the remainder when i(11) is divided by 20.
16
Let k(h) = -12*h + 6. What is the remainder when 420 is divided by k(-2)?
0
Suppose 4 = 2*r, -5*x + 3*r + 297 = -r. What is the remainder when x is divided by 8?
5
Let x(t) = -t**2 - 8*t + 17. Let k be x(-10). Let o(a) = 3*a**2 + 3*a - 6. Suppose 15 = 5*q - 220. Calculate the remainder when q is divided by o(k).
11
Let o = 2 - -10. Let l(f) = 7*f**3 - 25*f**2 + 22*f - 10. What is the remainder when l(3) is divided by o?
8
Suppose -618 - 1826 = -5*s - l, 4*s + 3*l - 1964 = 0. What is the remainder when s is divided by 5?
3
Suppose 5*b + 10 = 0, -4*v = 5*b - b - 600. Suppose -v = -20*d + 16*d. What is the remainder when 74 is divided by d?
36
Let g = -111 - -145. Let r = 249 + -149. Calculate the remainder when r is divided by g.
32
Suppose -3*h = 3*z - 558, -3 - 2 = 5*h. Calculate the remainder when z is divided by 95.
92
Suppose -1 - 15 = -r. Suppose 2*f + 1 = 5. Suppose -s - 11 = -a, 5*a - 3*s - 35 = -f*s. Calculate the remainder when r is divided by a.
4
Suppose 83*j - 7893 = 22568. Calculate the remainder when j is divided by 41.
39
Suppose 10*v + 517 = 21*v. What is the remainder when 186 is divided by v?
45
Let x = 25 - 21. Suppose -x = z - 8. Calculate the remainder when (-15)/4*16/(-6) is divided by z.
2
Calculate the remainder when 86 is divided by (-14 - 0)/2 + (-3051)/(-113).
6
What is the remainder when 50/(-35) + 2 - (-1563)/21 is divided by 27?
21
Let b(x) = -6*x**2. Let o be b(1). Suppose -5*q = -109 + 149. What is the remainder when 4 is divided by (o/q)/((-14)/(-56))?
1
Suppose -6*b = -b - 105. Let t = b + -21. Suppose -2*j + 10 = t, 3*j = 2*k + j - 30. Calculate the remainder when 78 is divided by k.
18
Suppose 3*j - 2*j - 2 = 0. Suppose -z = -j*k - 16, -4*z = k - 3*k - 52. Calculate the remainder when (-18)/(-6) - ((5 - 26) + 2) is divided by z.
10
Let h(m) = -5*m**3 + 36*m**2 - 7*m + 5. Let i be h(7). Suppose 3*u - 472 = -q - i, -5*u + 773 = -q. Calculate the remainder when u is divided by 40.
35
Suppose 3*d + 73 = a, -2*a + 3*d + 142 = -2*d. Suppose 0 = -4*m + c + 68, -4*m - 5*c + 8 = -36. What is the remainder when a is divided by m?
13
Suppose -5*d - 2 = -v + 1, -4*v + 2*d = 24. Let h(m) = -7*m - 23. Calculate the remainder when (-6)/15 + (-754)/(-10) is divided by h(v).
23
Let g = 29 - 26. Suppose a = -5*u + 57, -2*a = -g*u + 2*a + 48. Calculate the remainder when u is divided by 9.
3
Let d = -583 - -711. What is the remainder when d is divided by 27?
20
What is the remainder when (-82 + -1)*(-40)/40 is divided by 17?
15
Let r = 5 - 1. Suppose -s + 5*s + 88 = 2*m, -3*s + 53 = 2*m. Let c = 39 - m. What is the remainder when c is divided by r?
1
Let q(g) = -36*g + 111. Calculate the remainder when q(-12) is divided by 13.
10
Suppose -2*v = 5*g - 326, g - 2*v = 93 - 35. Calculate the remainder when 319 is divided by g.
63
Let x(y) be the first derivative of -y**3/3 - 3*y**2 - 10. Let m be x(-5). Let i(w) = 2*w**2 - 7*w + 7. Calculate the remainder when i(m) is divided by 5.
2
Suppose 4*p + 0*h + 2*h - 74 = 0, p - 23 = -2*h. Calculate the remainder when 163 is divided by p.
10
What is the remainder when 82 is divided by 2/(-2) - (-45)/3?
12
Let s(z) = z + 1. Let m be s(10). Suppose f = 3*n + m, 4*n + 2*f = -22 - 6. Let w = n + 64. What is the remainder when w is divided by 16?
11
Suppose -15 = -0*f - 5*f. Let l(m) = 0*m - 11 - 6*m**2 + 7*m - m**f + 3*m. Calculate the remainder when l(-8) is divided by 20.
17
Let y = -70 + 52. Let x = -8 - y. Calculate the remainder when 11 is divided by x.
1
Let j be ((-1)/(-2))/((-4)/432*-2). Suppose 3*y = 6*y - j. Calculate the remainder when 23 is divided by y.
5
Suppose -5*z - 3*x + 279 = x, z = -3*x + 47. Calculate the remainder when z is divided by ((-2)/(-2))/((-4)/(1*-60)).
14
Suppose -4*m = -0*m. Let x be m*((-15)/(-6) + -3). Suppose 4*q - l - 24 = x, -5*q + 2*l + 37 = -l. What is the remainder when 7 is divided by q?
2
Suppose -3*t + t = -j - 121, -t - 4*j + 47 = 0. Calculate the remainder when t is divided by (-11)/(55/(-6))*5.
5
Let l = 233 - 204. What is the remainder when l is divided by 23?
6
Let x(i) = 4*i + 87. Calculate the remainder when 86 is divided by x(-17).
10
What is the remainder when ((-6)/(-3) - 110)*27/(-27) is divided by 19?
13
Let c(k) = -2*k**3 - 9*k**2 - 2*k + 7. Let l be c(-6). Let f = 74 - l. Calculate the remainder when (f + 0)/(18/(-36)) is divided by 27.
25
Let j = -239 + 270. Let p = 36 + -20. Calculate the remainder when j is divided by p.
15
Let f(k) = -3*k - 6. Suppose 0 = 6*x - 4*x + 14. Let v = 1869 - 1841. Calculate the remainder when v is divided by f(x).
13
Let l(j) = -j**2 - 23*j - 57. What is the remainder when 312 is divided by l(-15)?
60
Let a(g) = -2*g**2 + 40*g - 27. Calculate the remainder when a(18) is divided by 24.
21
Let y(i) = i**2 + 32*i + 63. Calculate the remainder when 184 is divided by y(0).
58
Suppose 2*k - 11 = -c, 2*k + 2*k + 3*c = 23. Let r(o) = 6*o**2 + 2*o + 4. Let v be r(-3). Suppose -4 + v = 4*a. What is the remainder when a is divided by k?
2
Suppose 263 - 73 = 5*t. Suppose 2*g - 4*l = -20, -3*g - 2*l = -10 - 0. Suppose g = -17*c + 22*c - 40. What is the remainder when t is divided by c?
6
Let r = 12 - 19. Let i(b) = -b**3 - 6*b**2 + 7*b + 4. Let y be i(r). Calculate the remainder when (-2)/y - (-975)/30 is divided by 18.
14
Suppose 2*j + 15 = 7*j. Suppose 0 = j*c - c + 108. Let s = c + 106. Calculate the remainder when s is divided by 18.
16
Let d(j) = 11*j - 15. Let q(h) = h**3 - 6*h**2 + h. Let y be q(6). What is the remainder when d(y) is divided by 13?
12
Let j be 0/((-20)/5 + 3). Suppose j = -4*w, -5*h - 2*w = -6*w - 65. What is the remainder when 37 is divided by h?
11
Suppose 2*l - 22 = l. Suppose 0*d - 13 = 4*i - d, 4*d - 22 = i. Calculate the remainder when i/4*1820/(-14) is divided by l.
21
What is the remainder when 111 is divided by (-12180)/(-364) - (-12)/(-26)?
12
Let h(u) = -u**3 - u**2 + 6*u + 4. Let v = 5 + 5. What is the remainder when h(-4) is divided by v?
8
Let x = -127 + 201. Let p = x + -57. Calculate the remainder when p is divided by 10.
7
Suppose 0 = r - q + 5*q - 50, 3*r = 3*q + 90. Let n = 52 - r. Calculate the remainder when 50 is divided by n.
14
Let k = -4 - -1. Let q be (19 - (-4 - -2)) + -4. Let s = q + k. What is the remainder when 95 is divided by s?
11
Suppose 228 = -y + 4*y. Let a = 78 - 38. Calculate the remainder when y is divided by a.
36
Let d = -2 + 5. Let o(n) be the second derivative of 11*n**3/6 + 3*n**2 + 5*n. What is the remainder when o(d) is divided by 14?
11
Let s = 16 - 11. Suppose -2*l - 22 = -a, 4*a = -s*l + 41 + 73. Let x = -7 + a. What is the remainder when 56 is divided by x?
18
Suppose -3*x = 5*f - 276, 2*x = -3*f - 18 + 183. Calculate the remainder when f is divided by 35.
22
Let y be (-762)/24 + 1/(-4). Let o be 1 - 2/(6/(-159)). Let g = o + y. Calculate the remainder when 63 is divided by g.
19
Let d = 79 + -46. Let s(j) = j**2 + j - 153. Calculate the remainder when s(-15) is divided by d.
24
Let o be 20/(-30)*63/(-6). Let r = o - 4. What is the remainder when 6 is divided by r?
0
Suppose 0*z + 241 = 2*z + n, -z = -3*n - 117. What is the remainder when z is divided by 32?
24
Let o(r) = -10*r + 7. Let w(g) = -g. Let y(h) = o(h) + 2*w(h). Suppose 5*k = 2*a - 34, 5*k - 62 = -5*a + 23. Calculate the remainder when y(-5) is divided by a.
16
Suppose 14*b = 18*b - 24. Let z = 159 - 127. Calculate the remainder when z is divided by b.
2
Let q(f) = 2*f - 2. Let w be q(3). Let z = w - 1. Suppose -z*o = -4*k + 41, 5*o = 5*k - 2 - 43. Calculate the remainder when k is divided by 8.
6
Let l be (1904/12)/(-7)*-3. Suppose 0 = 2*q - 0*q - l. Suppose -b - r = -106, -3*b + 8*b - 510 = -r. What is the remainder when b is divided by q?
33
Let b(s) = 2*s**2 + 13*s + 7. What is the remainder when b(-8) is divided by 12?
7
Let j(h) = h**2 + 9*h + 10. Let s be j(-8). Let f = 7 + -5. Calculate the remainder when 0/s - (-4 + -1) is divided by f.
1
Let z(y) = -y**2 - y - 1. Let j(l) = 37*l**2 + 7*l + 3. Let k(p) = j(p) + 6*z(p). What is the remainder when 114 is divided by k(1)?
27
Let n(f) = 3*f - 10. Let a be n(4). Suppose 20 = 5*j, c = -a*c + j + 248. What is the 